*n. List the prime factors of n.
2, 53
What are the prime factors of (342/(-19))/(2 - (-48)/(-23))?
3, 23
Let g = -37 + 41. Suppose -5*i + z = -1615, 4*i = -g*z - 0*z + 1316. What are the prime factors of i?
2, 3
Suppose -8*w = -99 - 93. Suppose -w*b + 40 = -19*b. What are the prime factors of b?
2
Let k = 873 + -312. What are the prime factors of k?
3, 11, 17
Let u(g) = g - 2. Let c be u(4). Suppose -2*d = -4*b - 1 + 13, -3*b - c*d + 23 = 0. Suppose b*n = -4*f + 36, f + n - 20 = -3*n. What are the prime factors of f?
2
Let l(a) = -2*a + 15. Let b(v) = v - 16. Let d(g) = -6*b(g) - 5*l(g). What are the prime factors of d(24)?
3, 13
Let k be 3/1 - 0/2. Suppose 2*r + 3*o - 162 = -r, -5*r + 260 = k*o. List the prime factors of r.
7
Let u(x) = 91*x - 70. List the prime factors of u(9).
7, 107
Let s(m) = 2*m**2 + 10*m - 22. Let b be s(-9). Suppose 240 - b = 5*o. What are the prime factors of o?
2, 19
Let n(x) = -4*x**2 + 61*x - 31. Let y(z) = -z**2 + 20*z - 10. Let s(m) = -2*n(m) + 7*y(m). List the prime factors of s(-19).
11
Let o(m) = -4*m**3 + 5 - 2 + 5*m**3 - 4*m. Let d be o(2). Suppose -5*x + 15 = 0, d*u - 3*x - 42 = 3. List the prime factors of u.
2, 3
Let v be (1 - (-225)/(-6)) + (-3)/6. Let d = v + 147. List the prime factors of d.
2, 5, 11
Let t(z) = -449*z - 14. List the prime factors of t(-1).
3, 5, 29
Let l(v) = -3*v - 11. Let s(h) = -h**3 - 3*h**2 + 4*h - 5. Let w be s(-4). Let q be l(w). List the prime factors of 122/(2 + q - 4).
61
Let q = 49 + -32. Let x(j) = -j**3 + 18*j**2 - 16*j + 3. What are the prime factors of x(q)?
2, 5
Suppose 5*u + 20 = 0, 5*n + u = 1 - 40. Let t(m) = -20*m - 39. What are the prime factors of t(n)?
101
Let c(i) = 7 + 4 - 11*i - 9 + 2*i**2 + 5. Let b be c(8). Suppose -5*x + 177 - b = 0. List the prime factors of x.
2, 13
Let a(c) = 3*c**3 - 10*c**2 + 7*c - 6. Let k be a(6). List the prime factors of (-2)/((-8)/k*3).
3
Suppose -3*n - 10 = -5*n. Suppose 0 = 3*c - 3*p - 78, -2*c + 0*c - n*p + 59 = 0. Suppose 68 = 5*r - c. What are the prime factors of r?
19
Suppose 5*g - 9*g + 528 = 0. Let s = -84 + g. List the prime factors of s.
2, 3
Let t(x) be the first derivative of -x**3/3 - 3*x**2 - 7*x - 2. Let o be t(-5). What are the prime factors of -6*(-3 - 5/o)?
3
Suppose 12*r - 7*r - 10 = 0. Suppose -25 = -5*q - 5*f, -q - r*f + 11 = f. What are the prime factors of -5 + q - -5 - -72?
2, 37
Let k = 466 - -2. List the prime factors of k.
2, 3, 13
Suppose -1117 = -3*u - 4*p + 4725, 5*u = -5*p + 9740. List the prime factors of u.
2, 3, 5, 13
Let w = 837 + 420. List the prime factors of w.
3, 419
Let b = 487 + -153. What are the prime factors of b?
2, 167
Let f be (4 + -4)*(2 - (1 - -2)). Suppose t - 33 - 25 = f. What are the prime factors of t?
2, 29
Suppose 8*z = d + 5*z + 6, -8 = d - 2*z. List the prime factors of ((-32)/d - 3)*-192.
2
Let t(o) = 5*o**2 - 31*o - 10. Let x(r) = 2 - 5*r - r**2 + 13*r + r - 3*r. Let j(q) = -2*t(q) - 11*x(q). What are the prime factors of j(8)?
2, 3, 5
Suppose 15*d - 10757 = 2128. What are the prime factors of d?
859
Suppose 47501 - 10889 = 54*c. What are the prime factors of c?
2, 3, 113
Let n(r) = 23*r**2 + 3*r - 2. Let j be n(-3). Let l = j + -26. List the prime factors of l.
2, 5, 17
Suppose -4*g - 4 = 2*y, 0*g + 5*g = y + 9. List the prime factors of y/(-20) + ((-359)/5)/(-1).
2, 3
Let z(q) = 54*q + 198. What are the prime factors of z(29)?
2, 3, 7
Let i be (-4)/((-16)/44)*-2. What are the prime factors of 26/(-143) - 158/i?
7
Let q(x) = -33*x - 92. What are the prime factors of q(-9)?
5, 41
Suppose 2*i - 6 + 2 = 0. Suppose 2 = -i*s + 3*w - 10, -3*w = -5*s - 12. Suppose j + 4*a - 15 = s, -2*a - 31 = 5*j - 10*j. List the prime factors of j.
7
Let m be (-10 - (-2)/2) + 1. Let f = m - -13. Suppose -f*n - 21 - 18 = -2*i, 4*i - 5*n - 73 = 0. List the prime factors of i.
17
Suppose 29*d = 17827 + 11318. List the prime factors of d.
3, 5, 67
Let h = -1518 + 2237. List the prime factors of h.
719
Suppose 2*l + 651 = -l. Let m = l + 328. List the prime factors of m.
3, 37
Let z(u) be the third derivative of -17/120*u**6 - 1/6*u**3 + 0*u**4 + 1/60*u**5 + 3*u**2 + 0*u + 0. List the prime factors of z(-1).
17
Suppose d = 4*d - 9. Suppose 3*k = 5*s + 34, 0 = -0*k - 4*k - 3*s - d. What are the prime factors of (-4)/(k/36*-2)?
2, 3
Suppose 0*j - 3*j = -6. Suppose 9 = j*g - g. List the prime factors of g.
3
Suppose -3*q - 1439 = 343. Let w be 2/10 - q/(-45). Let x(r) = -r**3 - 14*r**2 - 15*r - 18. List the prime factors of x(w).
2
Suppose 5 = -2*l + k - 6*k, 0 = 3*l + 5*k + 5. Let m(b) = -b**3 - b**2 - b + 6. List the prime factors of m(l).
2, 3
Suppose 4*u - 8 = -w + 5, 0 = 4*u - w - 19. Suppose u*m + 15 = 107. List the prime factors of m.
23
Suppose 4*z = 6*z - 10. Suppose 198 - 553 = -z*n. Suppose 3*i - n - 52 = 0. List the prime factors of i.
41
List the prime factors of 74/20 - 4 - (-132492)/40.
2, 3, 23
Suppose 3*i + 27 = 3*a, 5*i - 4*a + 0 = -48. Let n = -8 - i. Suppose 0 = -h + 5*r, -27 = 3*h + n*r - 84. What are the prime factors of h?
3, 5
Suppose 12*q = 6*q + 30. Suppose -18 = -l + q*w + 3, 0 = w + 2. What are the prime factors of l?
11
Suppose 0 = -5*z + 2*t + 56, 2*z = -2*z + 4*t + 52. Let w(q) = q - 7. Let j be w(z). What are the prime factors of ((-4)/j)/((-4)/102)?
2, 17
Let c = 1688 + 1365. List the prime factors of c.
43, 71
Let i = -41 + 76. Suppose -4*q - i = 3*q. What are the prime factors of (-44)/q - (-6)/30?
3
Suppose 2*f + 3*f = 25. Suppose 3*b - f*p = 2*b + 45, 2*b = 3*p + 83. Suppose 5*y = y + b. What are the prime factors of y?
2, 5
Let y = -50 - -46. Let n(z) = -4 + 8*z**3 - 9*z**3 + 5*z**2 + 2*z**3. List the prime factors of n(y).
2, 3
Let x = 16 + -16. Suppose 0 = 2*q - x*q - 8. Let w = 6 + q. List the prime factors of w.
2, 5
Suppose 13 = -3*o - 8. Let x(a) = 3*a + 12. Let v be x(o). Let m = 12 + v. List the prime factors of m.
3
Suppose -14*g - 976 = -22116. What are the prime factors of g?
2, 5, 151
Let r(p) = -16*p. Let j be r(-5). Suppose k + 4*k = j. List the prime factors of (-207)/(-12) - 4/k.
17
Suppose 6*n - 14*n + 120 = 0. What are the prime factors of n?
3, 5
Suppose -5*t = -89 - 6. Suppose 3*u + n + t = 5, 0 = 5*u + 2*n + 25. Let c = 6 - u. What are the prime factors of c?
3
Suppose 22*a = 24*a. List the prime factors of a - -216 - (-2 + -3).
13, 17
Let w(s) = 113*s**2 - 19*s - 79. List the prime factors of w(-4).
5, 19
Let l = -142 - -66. Let m = l - -174. Let q = -66 + m. What are the prime factors of q?
2
Suppose -224 = -2*m - 4*q, 2*m - 138 - 81 = q. List the prime factors of m.
2, 5, 11
Let w(n) = -n**3 - 6*n**2 - 4*n + 3. Let x be w(-5). Let q = x - -32. Let y = -1 + q. What are the prime factors of y?
29
What are the prime factors of (18*24/(-18))/(1/(-19))?
2, 3, 19
Let h be 1/(-1) + 2 - (37 - -28). Suppose -2*k + 3 = 3*c - 0, c - 12 = 3*k. List the prime factors of (-1)/(c + 196/h).
2
Let j = 22 + -19. List the prime factors of j*22/6 - -4.
3, 5
Let q = -8 + 8. Suppose 3*p + 18 = 6*p + 2*g, -g = -4*p + 13. Suppose q = p*o + o - 95. List the prime factors of o.
19
What are the prime factors of (3612/49)/(2/49)?
2, 3, 7, 43
List the prime factors of (-12)/(-21) - (-34468)/49.
2, 11
Let x = -21 - -21. Suppose x = h + 1 - 3. What are the prime factors of h?
2
Let t(z) be the first derivative of z**5/12 + z**4/24 - z**3/2 + 9*z**2/2 + 7. Let h(a) be the second derivative of t(a). What are the prime factors of h(2)?
19
Let d(y) = -3*y**3 + 3*y**2 - 5*y - 8. Let t(p) = p**3 + p**2 + p + 1. Let u(h) = d(h) + 4*t(h). Let x be u(-7). Let c = x + 0. List the prime factors of c.
3
Suppose -h + 3 = 2*t - 5, 0 = -4*h + t + 77. Let w be h/(-2)*2/6. What are the prime factors of 45 + (-1)/w*0?
3, 5
Let s be (1*-1)/(4 + 572/(-144)). Let k = 26 - s. What are the prime factors of k?
2, 31
Let u = -15 + 15. Suppose 4*a + 0*a - 3*y - 212 = 0, 4*y + 16 = u. What are the prime factors of a?
2, 5
Let t(x) = 16*x. Let j be t(1). Let h = -17 + j. Let c(f) = 14*f**2. List the prime factors of c(h).
2, 7
Let p be ((-172)/(-12) + -3)*3. Suppose -4 = 4*y - 0*i - i, 5*y - 2*i = -8. Suppose -3*f + f + p = y. What are the prime factors of f?
17
Suppose -4 = -2*b + 4. Suppose b - 58 = 3*i. Let f = 49 + i. List the prime factors of f.
31
What are the prime factors of 302 + -1